What is y(v)?
18
Let r(u) = -13*u - 1. Let d(q) = -q**2 + 51. Let z be d(-7). What is r(z)?
-27
Let h(s) = 7*s + 12. Let c(z) = -19*z - 35. Let v(r) = -4*c(r) - 11*h(r). What is v(7)?
1
Let o(p) = 9*p - 89. Let b be o(9). Let i(d) = -d**2 - 9*d + 3. Determine i(b).
11
Suppose 5*q - 2*p - 100 = -7*p, -2*p = -5*q + 135. Suppose 2*j - j - 5*h + 24 = 0, 5*j - q = -4*h. Let t(i) = -5*i + 1. What is t(j)?
-4
Let p(d) = -20 + 19 + 2*d**2 - 2*d + 4*d - 2*d + d. What is p(2)?
9
Let r(q) = -q**3 + 6*q**2 + 7*q + 1. Let l(w) = -8 - 6 - 11*w**2 - w**3 + 43*w + 30*w**2. Let x be l(21). Determine r(x).
1
Suppose 0 = -2*p + 6 + 4. Suppose 0 = -j + p*w + 15, -j - 4*w + 2*w = -1. Let t(x) = x**2 - 2*x - 6. What is t(j)?
9
Let s(x) = -12*x. Suppose -4*o - 325 = 2*r - 3*r, -4*o = 4*r + 300. Let h = -82 - o. Give s(h).
24
Let g(f) = -112*f + 235*f + 7 - 122*f. Give g(-3).
4
Let q(b) = -b**3 - 3*b**2 - 3*b + 3. Suppose -96 = 11*f + 21*f. Calculate q(f).
12
Let a = -1 + -1. Let p(w) = w**3 + 3*w + 23. Let i be p(6). Let q(m) = -2*m - 2*m - i + 257. What is q(a)?
8
Suppose 0*f + 3*n = 5*f + 2, -2*f - n + 8 = 0. Let k(d) = -d**3 - 2*d**2 + d - 5. Let q(b) = b**2 - b + 4. Let y(i) = 2*k(i) + 3*q(i). What is y(f)?
-20
Let d(w) = 2*w. Let v(p) = -9*p - 8. Let q(b) = -4*d(b) - v(b). What is q(-4)?
4
Suppose -2*v - 28 = -4*b, 2*v = 3*b + 2*b - 32. Let f(p) be the first derivative of -p + 8 + 2*p**3 - 1/2*p**2 + 1/4*p**4. What is f(v)?
5
Suppose -3*n - 3*t = 0, 3*t - 7*t = -3*n + 21. Let s(l) = 51*l**3 - 4 + 10 - 50*l**n + 5*l**2 - 2*l. Suppose -6*z - 36 = -0*z. Give s(z).
-18
Let x(y) = -2*y**2 - 3*y + 11. Let p(j) = j**2 + 3*j - 9. Let m(v) = -3*p(v) - 2*x(v). Calculate m(2).
3
Suppose 2*t = 19 + 7. Suppose -4*b - 2*a + 36 = -a, 4*b - 36 = a. Let l = b - t. Let d(g) = -2*g + 2. Calculate d(l).
10
Let q(l) = -l + 2. Suppose 5*g = -54 + 39. Give q(g).
5
Let u(i) = -i**3 + 7*i**2 - 4. Let l be 8/28 - 388/(-14). Let h = l + -11. Let y = 24 - h. Determine u(y).
-4
Let r(x) = 5 + 184*x - 61*x - 67*x - 67*x - x**2. Calculate r(-11).
5
Let z(y) = y + 10. Let n be z(-8). Let f(j) = j**3 - 3*j**2 + 3*j - 7. Let b(x) = -2*x**3 + 6*x**2 - 6*x + 16. Let k(p) = -2*b(p) - 5*f(p). What is k(n)?
1
Let n(d) be the third derivative of d**6/120 - d**5/10 + 7*d**3/6 - 14*d**2. Let s = -239 + 245. What is n(s)?
7
Let k be 38/(-8) - 4/16. Let w(n) be the second derivative of n**3/6 + 5*n**2/2 - 39*n + 3. Give w(k).
0
Let o(h) be the first derivative of -3*h**2/2 - 46*h + 19. Let z be o(-14). Let d(t) = 2*t**2 + 7*t + 5. What is d(z)?
9
Let r(s) be the third derivative of 21*s**4/8 - s**3/6 - 3*s**2 - 3*s. Determine r(1).
62
Suppose 0 = -86*q - 638 - 136. Let y(t) = t**3 + 9*t**2 - 2*t - 6. Give y(q).
12
Let p(z) = -z**2 - 26*z. Let g be p(0). Let s(r) = r**3 - 2*r**2 - 3*r - 1. Calculate s(g).
-1
Let n be (-2)/3 - (-8)/3. Let g(m) = -m**2 + 2*m + 2*m**n - 3*m**2 - 2. Let b be 4*-1*6/(-12). Determine g(b).
-6
Let w(m) = 2*m**3 + m**2 + m - 2. Let u = -65 - -63. Determine w(u).
-16
Suppose -3*c - 5*u = -2458, c + 4*u - 234 = 576. Let j(n) = -826 + c - n. Determine j(0).
0
Let p(h) = -85*h + h**3 + 170*h + 8 - 6*h**2 - 6 - 91*h. Suppose 5*m - 36 + 4 = t, 4*m + 5*t - 43 = 0. Determine p(m).
9
Let u be ((-2)/4 + 1)*0. Let z(k) be the third derivative of -1/60*k**5 + 1/24*k**4 - 1/3*k**3 + 41*k**2 + 0 + 0*k. Calculate z(u).
-2
Let t(w) = w**2 - 11*w - 18. Suppose -75*a = -3*k - 71*a + 11, -5*k = 8*a - 77. Calculate t(k).
-36
Let p be (-50)/(-18) - (-4)/18. Let y be -1 + 0/p + 1. Let t(r) = r**3 - r**2 + r - 4. Determine t(y).
-4
Let d(u) = -4*u**3 - 2*u**3 - 5*u**3. Let t be (-4)/(-26) - 400/(-104). Suppose t*r - 4 = -0*r. Give d(r).
-11
Let t(p) = -2*p**2 - 9 + p**2 + 1 + 9 + p. What is t(2)?
-1
Suppose 0 = -n + 2 + 22. Suppose -2*r + n = 2*r. Let o be (1*-1)/(r/30). Let c(b) = 2*b + 6. Give c(o).
-4
Suppose -2 = l + 4*q, -3 - 7 = -3*l + 4*q. Let p(g) = 7*g - 4. Calculate p(l).
10
Let q be (434/155)/(24/10 - 2). Let r(m) = 0*m + 2 + m + 1. What is r(q)?
10
Suppose -16*r - 42 = 22. Let j(p) = -2*p - 3. What is j(r)?
5
Let t(k) = -k**2 + 2*k + 6. Suppose -63*p + 12 = -59*p. Give t(p).
3
Let w(g) = -2*g**2 - 1 + 0*g**2 - g + g**2. Suppose 26*r + 9 = -95. Calculate w(r).
-13
Let a(s) = -15*s + 3. Let n = 26 - 21. Let w(l) = 7 + 9 - 15 - n*l. Let p(f) = -6*a(f) + 17*w(f). Give p(1).
4
Let d(a) be the third derivative of -a**4/24 - 7*a**3/6 + a**2 - 182. Calculate d(12).
-19
Let t(r) = 4*r**3 - 4*r**2 - 4*r - 2. Let j(z) = z**3 - z**2 - z - 1. Let k(q) = 7*j(q) - 2*t(q). Calculate k(0).
-3
Let l(c) be the second derivative of -c**5/20 + c**4/4 - c**2 - 31*c. Determine l(2).
2
Let g(a) = 255*a - 132*a - 1 - 122*a. Give g(15).
14
Let b(c) = -11*c**2 - 19*c - 17. Let v(f) = -5*f**2 - f - 1. Let s(m) = -b(m) + 2*v(m). Determine s(-11).
-51
Let x(h) = 0*h + 3*h**2 - h**3 + 10 + 10*h**2 + 0*h. Give x(13).
10
Let i(k) = -5*k + 3. Let h be ((-7)/(-21) + 2/(-6))/(-1). Let l = h + 4. Calculate i(l).
-17
Let h(f) = -f**2 + 3*f - 2. Let n = -38 - -64. Suppose 0 = 24*q - n*q + 4. Calculate h(q).
0
Suppose -20 = -8*w + 44. Let s be (0 + 2)*(-4)/w. Let q(k) = -12*k**3 + 2*k**2 + 2*k + 1. Determine q(s).
13
Let m = 47 + -197. Let b = -151 - m. Let o(z) = 5*z - 6*z - 8*z. What is o(b)?
9
Let a(t) be the first derivative of 1/3*t**3 - 1/2*t**2 + 20*t + 13. Determine a(0).
20
Let b(y) = -5*y**3 + 2*y**2 - 5*y - 1. Let a(s) = 12*s**3 - 3*s**2 + 11*s + 1. Let g(c) = 2*a(c) + 5*b(c). Calculate g(4).
-15
Let t(n) = n**2 - 1. Let z be t(-3). Suppose -z - 6 = -2*m. Let j(w) = m*w**2 - 2 - 14*w + 2 + 15*w. Determine j(-1).
6
Let w = 11 + -13. Let l(o) = -4*o**3 + o - 1. Determine l(w).
29
Let u be 1/(((-16)/44)/(-4)) + -2. Let y be 2*u/42 - 22/(-14). Let v(g) = 6*g - 2. Calculate v(y).
10
Let l be (-4)/(0 - 3/(-6)). Let h(n) = n + 20. Give h(l).
12
Suppose 6*j - 15 + 3 = 0. Suppose 5*x - 20 = -j*q + 2, 5*q - 2*x = 26. Let h(u) = -u + 3. Calculate h(q).
-3
Let x(l) be the second derivative of -l**5/20 - l**4/2 - 5*l**3/6 + l**2 + 29*l. What is x(-4)?
-10
Let r = 17 + -11. Let p(y) = r + y**2 + 0*y**2 - 3*y - 4*y. Let g(a) = 5*a**3 + a**2 - 28*a + 26. Let i be g(1). What is p(i)?
-6
Let j(d) = -7*d - 4. Let o(s) = -4*s - 2. Let c(i) = 3*j(i) - 5*o(i). Suppose 426*a - 438*a = 36. Determine c(a).
1
Let h(p) = p - 11. Let k be ((-14)/12)/(890/60 + -15). Give h(k).
-4
Let u(y) = y**2 + y + 1. Let a(m) = -2*m + 18. Suppose -2*z = 3 + 3. Let c(t) = -t**2 - 7*t - 3. Let r be c(z). Let b be a(r). Calculate u(b).
1
Suppose -3*y = 8*y - 33. Suppose -y*c - 2*c = 50. Let s(m) = m + 12. Calculate s(c).
2
Let y(b) = -3*b**3 + b**2 - 7*b - 6. Let m(h) = 2*h**3 + 6*h + 5. Let u(q) = 4*m(q) + 3*y(q). Suppose -r + 0 + 3 = 0. What is u(r)?
11
Let k(u) = 2*u + 1. Suppose 8*l + 36 = 5*l. Let t(o) = o**3 + 13*o**2 + 12*o - 8. Let d be t(l). Determine k(d).
-15
Let t be -11 + 19 - (-6)/(-2). Suppose 9 = t*d - 1. Suppose 3 = d*b - 1. Let j(w) = -w**2 + w + 1. What is j(b)?
-1
Let s = -57 + 51. Let r(w) = 9*w - 7 + 5 + 8 + w**2. Determine r(s).
-12
Let a(c) = c**2 + c + 4. Let r(z) = 2*z**2 + 4. Let l(w) = 3*a(w) - 2*r(w). Calculate l(6).
-14
Let c be 63*(8/(-3))/8. Let d = c - -14. Let s(a) be the first derivative of a**4/4 + 8*a**3/3 + 4*a**2 + 10*a + 1. Calculate s(d).
3
Let x(d) = d**3 - 15*d**2 + 41*d + 37. Let v be x(11). Let i(p) = p**3 - 5*p**2 + 5*p - 4. Give i(v).
0
Let n = 62 - 53. Let t be (n/((-54)/(-12)))/((-4)/(-14)). Let q(j) = j - 14. Give q(t).
-7
Let h be 10/(-4)*(-4)/(-20)*-10. Suppose -5*f - 15 = 2*p, h*p - 32 = f - 2. Let g(t) = -t - 3. Give g(f).
2
Let c(a) be the second derivative of a**7/2520 - a**6/80 + 3*a**5/40 - a**4/4 + 7*a. Let k(x) be the third derivative of c(x). Determine k(6).
-9
Let h(m) = m - 12. Suppose 440 - 111 = 47*t. Determine h(t).
-5
Suppose 4*q - 67 = 9. Let r = q + -21. Let f(y) = -5*y**2 - 4*y - 1. Let o(s) = s**2 + s - 1. Let c(k) = f(k) + 2*o(k). Determine c(r).
-11
Let s(y) be the third derivative of 13*y**6/120 + y**4/12 - y**3/6 - 10*y**2 - 21. Give s(1).
14
Let k(b) = 3*b - 24. Let h(z) = z**2 - 13*z + 50. Let o be h(8). What is k(o)?
6
Let x(m) = -1. Let w(y) = -4*y - 2*y + 7*y - 14 + 6. Let q(r) = -w(r) - 2*x(r). Determine q(-8).
18
Let f(v) be the first derivative of v**2/2 + 2*v - 122. Determine